remainder when 13383800 is divided by 16688.
24
Calculate the remainder when 1471778 is divided by 1897.
1603
What is the remainder when 205383078 is divided by 25672883?
14
Calculate the remainder when 341852 is divided by 1285.
42
Calculate the remainder when 2649528 is divided by 20225.
53
What is the remainder when 278427940 is divided by 6318?
6316
Calculate the remainder when 227154825 is divided by 3489.
3480
What is the remainder when 73152 is divided by 12?
0
Calculate the remainder when 28118999 is divided by 1400.
1399
What is the remainder when 39115625 is divided by 262?
73
Calculate the remainder when 40749871 is divided by 13583282.
25
Calculate the remainder when 22336439 is divided by 5584106.
15
Calculate the remainder when 16009078 is divided by 9.
4
Calculate the remainder when 358316 is divided by 197.
170
Calculate the remainder when 882884 is divided by 94.
36
What is the remainder when 1115144 is divided by 1847?
1403
What is the remainder when 162995952 is divided by 4?
0
What is the remainder when 21225848 is divided by 10612919?
10
Calculate the remainder when 9954994 is divided by 622185.
34
Calculate the remainder when 89751248 is divided by 190.
188
What is the remainder when 118563 is divided by 2004?
327
Calculate the remainder when 1389172 is divided by 462389.
2005
What is the remainder when 35243938 is divided by 403?
379
What is the remainder when 7366324 is divided by 2455418?
70
What is the remainder when 61693493 is divided by 21303?
5
Calculate the remainder when 9049688 is divided by 53.
44
What is the remainder when 2047518 is divided by 558?
216
What is the remainder when 1581310 is divided by 6641?
752
What is the remainder when 1744007 is divided by 290617?
305
Calculate the remainder when 385727143 is divided by 4184.
4183
Calculate the remainder when 170080 is divided by 162.
142
What is the remainder when 6325407 is divided by 1510?
17
Calculate the remainder when 354075 is divided by 992.
923
Calculate the remainder when 167640 is divided by 2997.
2805
Calculate the remainder when 25964738 is divided by 9.
8
What is the remainder when 5677921 is divided by 140?
81
Calculate the remainder when 1309848 is divided by 335.
333
Calculate the remainder when 110364 is divided by 54603.
1158
What is the remainder when 77946942 is divided by 49?
45
What is the remainder when 1306556 is divided by 217747?
74
What is the remainder when 5067838 is divided by 480?
478
What is the remainder when 9353470 is divided by 84?
70
What is the remainder when 205604 is divided by 205506?
98
Calculate the remainder when 1615118 is divided by 322983.
203
What is the remainder when 197867 is divided by 1020?
1007
Calculate the remainder when 2626491 is divided by 26004.
87
Calculate the remainder when 140046 is divided by 11645.
306
Calculate the remainder when 32864311 is divided by 77.
18
What is the remainder when 35342008 is divided by 45?
43
What is the remainder when 87495938 is divided by 54?
8
Calculate the remainder when 81113 is divided by 26997.
122
What is the remainder when 38836660 is divided by 355?
15
What is the remainder when 265403 is divided by 5098?
307
Calculate the remainder when 25133859 is divided by 31815.
9
Calculate the remainder when 1913883 is divided by 956853.
177
What is the remainder when 6611945 is divided by 278?
271
Calculate the remainder when 3764559 is divided by 9628.
11
Calculate the remainder when 23890 is divided by 895.
620
What is the remainder when 33559 is divided by 3355?
9
Calculate the remainder when 187732 is divided by 45953.
3920
Calculate the remainder when 304206 is divided by 3577.
161
Calculate the remainder when 1886512 is divided by 58946.
240
What is the remainder when 162956884 is divided by 35?
34
What is the remainder when 25881 is divided by 12888?
105
Calculate the remainder when 178269 is divided by 89.
2
Calculate the remainder when 39687403 is divided by 4488.
19
What is the remainder when 18465680 is divided by 1154105?
0
Calculate the remainder when 48440 is divided by 6407.
3591
What is the remainder when 16900327 is divided by 2172?
2167
What is the remainder when 783312 is divided by 1839?
1737
Calculate the remainder when 300986 is divided by 12920.
3826
Calculate the remainder when 2325242 is divided by 20396.
98
Calculate the remainder when 4101 is divided by 1686.
729
What is the remainder when 2428138 is divided by 9?
1
Calculate the remainder when 2667430 is divided by 7.
3
Calculate the remainder when 865153 is divided by 297.
289
What is the remainder when 799072279 is divided by 2546?
2541
What is the remainder when 30174 is divided by 7532?
46
Calculate the remainder when 290235 is divided by 48347.
153
Calculate the remainder when 109969 is divided by 54496.
977
What is the remainder when 45781148 is divided by 607?
601
What is the remainder when 1737879 is divided by 193081?
150
Calculate the remainder when 120374 is divided by 39986.
416
What is the remainder when 748570 is divided by 614?
104
Calculate the remainder when 14340211 is divided by 19.
18
What is the remainder when 7317385 is divided by 172?
161
What is the remainder when 1321601 is divided by 210?
71
Calculate the remainder when 2786760 is divided by 1381.
1283
Calculate the remainder when 6521164 is divided by 17530.
4
Calculate the remainder when 7464760 is divided by 439.
4
What is the remainder when 14077364 is divided by 27?
23
What is the remainder when 265079519 is divided by 15?
14
What is the remainder when 385926 is divided by 13300?
226
What is the remainder when 10356792 is divided by 2589195?
12
Calculate the remainder when 163593 is divided by 43.
21
What is the remainder when 34669271 is divided by 498?
5
Calculate the remainder when 69518876 is divided by 207.
203
What is the remainder when 12484 is divided by 505?
364
What is the remainder when 829347 is divided by 118454?
169
Calculate the remainder when 18208 is divided by 535.
18
What is the remainder when 1618290 is divided by 6?
0
What is the remainder when 129930 is divided by 25290?
3480
Calculate the remainder when 36744 is divided by 1521.
240
What is the remainder when 701361 is divided by 246?
15
Calculate the remainder when 2617228 is divided by 1308612.
4
What is the remainder when 190605 is divided by 61747?
5364
Calculate the remainder when 1123129 is divided by 374327.
148
Calculate the remainder when 1043689 is divided by 14103.
67
What is the remainder when 7279075 is divided by 1455815?
0
What is the remainder when 724041 is divided by 250?
41
Calculate the remainder when 8314602 is divided by 2087.
2081
What is the remainder when 255353 is divided by 176?
153
What is the remainder when 34108270 is divided by 4954?
4934
Calculate the remainder when 366434 is divided by 120.
74
Calculate the remainder when 2089559 is divided by 6273.
650
What is the remainder when 831673 is divided by 207909?
37
What is the remainder when 871124 is divided by 294?
2
What is the remainder when 2508776 is divided by 23016?
32
What is the remainder when 126572884 is divided by 8524?
8
Calculate the remainder when 282458 is divided by 262.
22
What is the remainder when 1019980 is divided by 254991?
16
What is the remainder when 76078 is divided by 75841?
237
What is the remainder when 11647147 is divided by 1188?
1183
Calculate the remainder when 1368806 is divided by 131.
118
What is the remainder when 61737 is divided by 60918?
819
Calculate the remainder when 22581234 is divided by 7527076.
6
What is the remainder when 128894 is divided by 927?
41
What is the remainder when 7250885 is divided by 914?
123
Calculate the remainder when 277902 is divided by 9175.
2652
Calculate the remainder when 172686 is divided by 28775.
36
What is the remainder when 36921278 is divided by 68?
66
Calculate the remainder when 676774 is divided by 11692.
10330
What is the remainder when 26327 is divided by 12725?
877
What is the remainder when 4817240 is divided by 688173?
29
Calculate the remainder when 1502510 is divided by 62564.
974
What is the remainder when 1697170 is divided by 73790?
0
Calculate the remainder when 6647535 is divided by 240.
15
Calculate the remainder when 290099 is divided by 72422.
411
Calculat